8 = 3*b. Let g = 11 + -7. What is the remainder when b is divided by g?
0
Let p = -46 + 171. What is the remainder when p is divided by 41?
2
Suppose -4*g = m - 5*g - 136, -2*m - 5*g = -237. What is the remainder when m is divided by 34?
29
Let c = 127 - 123. Suppose -5 = -j + 1. Calculate the remainder when c is divided by 12/j - (-1 - -1).
0
Let y(z) = 7*z**2 - 5*z**2 - z**2 + 39 - 17*z. What is the remainder when y(15) is divided by 2?
1
Suppose 2*u = -0*u + 4. Let x(d) = -d**3 - 4*d**2 - 1. Let p be x(-4). Let k(i) = i**3 + 3*i**2 + i. What is the remainder when u is divided by k(p)?
0
Let g(s) = 3*s**2 - 3*s + 3. Let q be 372/10*(-90)/27. Let l = q + 126. What is the remainder when g(2) is divided by l?
1
What is the remainder when 72 is divided by (2/(2 + 0))/((-2)/(-32))?
8
Let q = -176 + 327. Calculate the remainder when q is divided by 52.
47
Let u(l) = 5*l - 15. Suppose -4*i - 4 = -3*b + 8, -b = i - 4. Suppose i = 3*k + 22 - 52. What is the remainder when u(k) is divided by 19?
16
Let i = 754 - 517. Calculate the remainder when i is divided by 30.
27
Let y = -90 + 119. Let h = 83 - -2. Calculate the remainder when h is divided by y.
27
Suppose 2*v + 0*v = 6. Suppose -3*y + 15 = 0, -3*k - y = -v*y + 1. What is the remainder when 21 is divided by k?
0
Let k = -2720 - -2723. Calculate the remainder when -2*2/((-8)/6) is divided by k.
0
Suppose 3*c + 191 = 2*u, -3*c + 197 = -2*u + 4*u. Suppose -n = -u - 139. What is the remainder when n is divided by 14?
12
Let m(k) = -3*k - 4. Let i(b) = -b**3 - 13*b**2 - b + 17. Let q be i(-13). Suppose -4*j + 58 = q. Calculate the remainder when j is divided by m(-3).
2
Let y = 108 + -77. Suppose -x - m + 11 + 1 = 0, 2*m = -3*x + 32. Calculate the remainder when y is divided by x.
7
Let p = 48465 + -48463. Suppose 2*v + 3*n - 43 - 18 = 0, -2*n = -4*v + 130. Calculate the remainder when p is divided by v/14 + (-2)/7.
0
Suppose d = 5*z + 24, 24*d - 20*d + 2*z - 52 = 0. Calculate the remainder when d is divided by (-5)/(-15) - (-28)/6.
4
Let y = -13 + 40. Let q(x) = x - 5. Let b be q(7). Suppose -w - b*v = -46, 2*w + 3*w = -5*v + 245. What is the remainder when w is divided by y?
25
Let u(n) = n - 2. Let i be u(4). What is the remainder when (53/i)/(28/56) is divided by 14?
11
Let c = 836 + -835. What is the remainder when 2 is divided by c?
0
Suppose 0 = s + 3*r - 0*r + 53, -3*s - 173 = 2*r. Let k = s - -63. What is the remainder when 51 is divided by k?
3
Suppose -2*t + 2 = 0, 4*t - 186 = -5*g - 12. What is the remainder when g is divided by 22?
12
Let g be 9 - (32/4)/2. Suppose 0 = -3*f + s + 45, 0*f - g*s = f + 1. Suppose -f + 50 = 6*k. What is the remainder when 16 is divided by k?
4
Let g(m) = 80*m + 19. What is the remainder when 191 is divided by g(1)?
92
Suppose -89 = -3*d + 5*j, -4*d + 47 + 67 = -2*j. Calculate the remainder when (-1162)/21*(-3)/2 is divided by d.
27
Suppose 791 = -351*f + 358*f. Calculate the remainder when f is divided by 30.
23
Let d(t) = -t**3 - 7*t**2 + 5*t. Let c = -27 + 7. What is the remainder when d(-9) is divided by (1 - c/(-8))*-20?
27
What is the remainder when 3/(-9) + (-193)/(-3) is divided by (-78 - -77)/(1/(-17))?
13
Suppose -31*t = 10*t - 4346. Calculate the remainder when t is divided by 22.
18
Let k(c) = -c**3 + 8*c**2 + 6*c + 1. Let d = -13 + 21. Calculate the remainder when k(d) is divided by 13.
10
What is the remainder when 53 is divided by (16 - 0)/(-4) + 24?
13
Suppose 2*d = 2*y + 12, 3*d + 6*y = y + 10. What is the remainder when 59 is divided by d?
4
Suppose -j + o + 36 = 5*o, 3*o - 12 = 0. Calculate the remainder when j is divided by 10.
0
Let u = -277 + 297. What is the remainder when 103 is divided by u?
3
Suppose -5*w + 387 = -2*r, 3*w + 3*r + 67 = 4*w. What is the remainder when w is divided by 2?
1
Suppose -2*o = 118 - 1028. Calculate the remainder when o is divided by 24.
23
Let i = 197 - 190. Let k(l) = -l**2 + 0 + 9*l + 2 + 0*l**2. Calculate the remainder when 61 is divided by k(i).
13
Suppose 2*b - 44 = 5*p, -p - 43 = 3*p + b. Let f(s) = -s + 5. Calculate the remainder when (-334)/(-10) - (-4)/p is divided by f(-2).
5
Suppose -16 = -4*s - 3*i, 5*s + 4*i - 5 = 15. Let p = 12 - s. What is the remainder when p/44 + (-1448)/(-22) is divided by 17?
15
Let j = -673 + 730. Calculate the remainder when j is divided by 10.
7
Let u(n) = 18*n - 161. Calculate the remainder when 149 is divided by u(10).
16
Suppose -228*b = -227*b - 22. What is the remainder when 40 is divided by b?
18
Let n(w) = -6*w - 2. Suppose 0 = 3*q - 5*y, 3*q + y + 0*y = 0. Suppose t - 28 - 1 = q. Calculate the remainder when t is divided by n(-2).
9
Let h(t) = 38*t - 272. What is the remainder when 59 is divided by h(8)?
27
Suppose 22 - 95 = -b - 5*t, -3*b + 2*t + 185 = 0. Let g = b - 52. Calculate the remainder when 42 is divided by g.
9
Calculate the remainder when (-51)/17*(1846/(-6) - -3) is divided by 17.
13
Let p(n) = 0*n**3 + 3 + 18*n**2 + 8*n**2 - 2*n**3 + 11*n - 29*n. What is the remainder when p(12) is divided by 11?
9
Let a(p) = -1 + 4*p**2 - 3 - 3*p**2. Let f = 16 + -14. Calculate the remainder when a(3) is divided by f.
1
Suppose -4*q + 3*q = -59. What is the remainder when q is divided by (3 - (-55)/(-25))*300/24?
9
Let c(a) = a**2 - 5*a - 12. Suppose 5*d - 3*m - 71 = -6, m = -4*d + 35. What is the remainder when c(d) is divided by 20?
18
Suppose -14*m + 16*m = 162. Calculate the remainder when m is divided by 25.
6
Suppose 0 = -11*k - 26 + 15. Let q(u) = 6*u**2 + 0*u + 3*u**2 + u + 1. Calculate the remainder when q(k) is divided by 4.
1
Suppose 0 = 4*w - a - 110, -5*a + 8*a = 4*w - 114. Suppose -w = 14*s - 17*s. Calculate the remainder when 52 is divided by s.
7
Suppose 2*j = -2*x - 0*x + 184, 4*x - 398 = 2*j. Suppose -2*r - l + 5*l + 70 = 0, -3*r = -2*l - x. Calculate the remainder when 122 is divided by r.
29
Let c(i) = i**3 + 5*i**2 - 2*i - 2. Suppose 0*j - 12 = 3*j. Let a(z) = z**2 + 4*z - 180. Calculate the remainder when c(j) is divided by a(12).
10
Let f(j) = j**3 + 8*j**2 + 11*j - 5. Let w be f(-7). Let k = 55 + w. What is the remainder when 65 is divided by k?
21
Let n = -167 - -212. Calculate the remainder when 149 is divided by n.
14
Let b be 138/33 - (-6)/(-33). Suppose 2*f = -2, 5*f = -0*t - b*t + 59. What is the remainder when 28 is divided by t?
12
Calculate the remainder when (60/(-9) + 0)*14640/(-50) is divided by 7.
6
Calculate the remainder when 73 is divided by 3*222/(-9)*14/(-28).
36
Suppose 242 = 5*k + i - 82, i = 2*k - 124. Calculate the remainder when 142 is divided by k.
14
Suppose 0 = 2*a + 5*k - 141, 5*a + 2*k = a + 274. Let i = -1 + -3. Let n = 10 - i. Calculate the remainder when a is divided by n.
12
Let l(b) = -11*b**3 - 12*b - 7. Calculate the remainder when l(-3) is divided by 82.
80
Let h(u) be the second derivative of u**5/20 + 5*u**4/6 + 19*u**3/6 - 6*u**2 + 44*u. What is the remainder when 105 is divided by h(-6)?
15
Calculate the remainder when 82 is divided by (-3 + 32/3)*6.
36
Suppose -l - 3 = -2*x + 10, 4*l = -12. Suppose t - x*t = -8. Calculate the remainder when 1*48/(t - 0) is divided by 9.
6
Suppose -3*v - 284 = -317. What is the remainder when 39 is divided by v?
6
Suppose -136 = -16*b + 14*b. What is the remainder when b is divided by 11?
2
Let u(f) = -f**2 - 12*f - 10. What is the remainder when 109 is divided by u(-8)?
21
Let m = 134 + -67. What is the remainder when m is divided by 31?
5
Suppose 0 = 3*n - 2*y - y - 363, 3*n - 4*y = 362. Calculate the remainder when n is divided by 28.
10
Let l(v) = 14*v + 8. Let p = 107 + -96. What is the remainder when l(p) is divided by 15?
12
Let a = -59 - -110. Suppose 0 = -3*g - 5*n - 80, 5*n = -g + 2*g. Let h = g - -38. Calculate the remainder when a is divided by h.
15
Let p be ((-33)/(-9))/(2/(-6)). Let m = 11 + p. Suppose m = -4*h - h + 55. Calculate the remainder when h is divided by 4.
3
Suppose -4*k + 4*b + 372 = 0, -b - 372 = -4*k - 5*b. Let i = -41 + k. Calculate the remainder when i is divided by 19.
14
Let h(n) = 38*n + 249. What is the remainder when 51 is divided by h(-6)?
9
Suppose 29 + 21 = 5*l. Let m = -18454 + 18493. Calculate the remainder when m is divided by l.
9
Let c(b) = -2*b**3 - 5*b**2 - 6*b - 10. Calculate the remainder when 79 is divided by c(-3)